 776 a multiple of 11?
False
Does 201 divide 43818?
True
Is 27 a factor of 14968?
False
Is 2 a factor of 544?
True
Is 9 a factor of 14?
False
Is 9 a factor of 84?
False
Is 4489 a multiple of 43?
False
Does 34 divide 884?
True
Is 928 even?
True
Is 7 a factor of 18616?
False
Does 3 divide 746?
False
Is 28 a factor of 1036?
True
Is 1740 a multiple of 4?
True
Is 36 a factor of 154?
False
Does 10 divide 359?
False
Is 24 a factor of 696?
True
Does 4 divide 1732?
True
Is 21 a factor of 17688?
False
Is 42443 a multiple of 11?
False
Does 10 divide 2723?
False
Does 11 divide 132?
True
Is 75 a factor of 12242?
False
Is 14 a factor of 272?
False
Is 21 a factor of 3444?
True
Is 23 a factor of 8947?
True
Is 162 a multiple of 9?
True
Does 8 divide 422?
False
Is 8458 a multiple of 27?
False
Is 11970 a multiple of 210?
True
Does 26 divide 182?
True
Does 17 divide 15201?
False
Is 14 a factor of 36785?
False
Does 10 divide 3862?
False
Is 26544 a multiple of 237?
True
Is 7 a factor of 61990?
False
Is 49 a factor of 5570?
False
Is 1479 a multiple of 87?
True
Is 2162 even?
True
Does 6 divide 54?
True
Does 176 divide 14313?
False
Is 8 a factor of 1388?
False
Is 56 a factor of 53454?
False
Is 31 a factor of 1818?
False
Is 5 a factor of 151?
False
Does 7 divide 1666?
True
Is 30 a factor of 1664?
False
Is 14 a factor of 452?
False
Does 11 divide 1089?
True
Does 32 divide 25253?
False
Is 6822 a multiple of 8?
False
Is 22 a factor of 11528?
True
Is 37 a factor of 7793?
False
Is 2744 a multiple of 49?
True
Is 11773 a multiple of 40?
False
Is 21 a factor of 2876?
False
Is 48 a factor of 10249?
False
Is 2059 a multiple of 95?
False
Is 610 a multiple of 61?
True
Is 11160 a multiple of 12?
True
Does 61 divide 5941?
False
Is 700 a multiple of 14?
True
Does 10 divide 51290?
True
Is 211 a factor of 58447?
True
Is 280 a multiple of 7?
True
Does 61 divide 9364?
False
Is 3 a factor of 170?
False
Does 243 divide 7882?
False
Is 23 a factor of 3772?
True
Does 6 divide 1160?
False
Does 15 divide 23310?
True
Does 4 divide 1516?
True
Is 411 a multiple of 7?
False
Is 3815 a multiple of 7?
True
Is 336 a multiple of 6?
True
Is 7 a factor of 630?
True
Is 61764 a multiple of 9?
False
Is 729 a multiple of 13?
False
Is 5435 a multiple of 14?
False
Is 10 a factor of 7370?
True
Does 10 divide 4445?
False
Is 28 a factor of 616?
True
Is 52 a factor of 1716?
True
Does 4 divide 252?
True
Does 58 divide 9918?
True
Is 38160 a multiple of 8?
True
Is 31 a factor of 50344?
True
Is 38 a factor of 387?
False
Is 6200 a multiple of 100?
True
Does 33 divide 594?
True
Is 19 a factor of 2793?
True
Is 26 a factor of 748?
False
Is 17 a factor of 9421?
False
Is 17 a factor of 1139?
True
Does 41 divide 15785?
True
Is 8 a factor of 14?
False
Is 9016 a multiple of 98?
True
Is 226 a multiple of 9?
False
Is 39 a multiple of 39?
True
Is 18 a factor of 60?
False
Is 11833 a multiple of 21?
False
Does 18 divide 49414?
False
Does 138 divide 43984?
False
Is 9 a factor of 5884?
False
Is 1432 a multiple of 12?
False
Does 3 divide 212?
False
Is 25 a factor of 15026?
False
Is 45920 a multiple of 140?
True
Is 4 a factor of 68?
True
Is 17795 a multiple of 14?
False
Does 4 divide 1165?
False
Does 28 divide 2940?
True
Is 21 a factor of 537?
False
Is 3332 a multiple of 49?
True
Does 21 divide 9484?
False
Does 27 divide 48195?
True
Is 4 a factor of 321?
False
Is 255 a multiple of 3?
True
Does 30 divide 3566?
False
Is 23 a factor of 2900?
False
Does 5 divide 122?
False
Is 139938 a multiple of 28?
False
Is 18988 a multiple of 101?
True
Does 29 divide 5945?
True
Is 17 a factor of 11481?
False
Does 14 divide 672?
True
Is 23 a factor of 3159?
False
Is 21 a factor of 1107?
False
Does 74 divide 444?
True
Does 3 divide 1164?
True
Is 4 a factor of 5472?
True
Is 62 a factor of 714?
False
Is 19880 a multiple of 8?
True
Is 1379 a multiple of 77?
False
Is 18 a factor of 146?
False
Does 21 divide 1376?
False
Is 16 a factor of 1584?
True
Is 8 a factor of 12648?
True
Is 30506 a multiple of 14?
True
Is 10626 a multiple of 14?
True
Is 9361 a multiple of 37?
True
Does 69 divide 8418?
True
Is 3652 a multiple of 83?
True
Does 28 divide 1204?
True
Is 8 a factor of 20198?
False
Does 31 divide 3814?
False
Is 26419 a multiple of 57?
False
Is 6096 a multiple of 16?
True
Is 2072 a multiple of 14?
True
Is 49 a factor of 4606?
True
Is 25 a factor of 902?
False
Is 99 a factor of 402?
False
Is 19371 a multiple of 11?
True
Is 24 a factor of 768?
True
Is 45 a factor of 3960?
True
Does 13 divide 1430?
True
Is 365 a multiple of 5?
True
Is 18 a factor of 1292?
False
Is 20582 a multiple of 82?
True
Is 23 a factor of 4715?
True
Does 198 divide 18414?
True
Does 14 divide 199763?
False
Is 26 a factor of 88738?
True
Does 25 divide 1200?
True
Is 11178 a multiple of 46?
True
Is 84 a multiple of 28?
True
Is 836 even?
True
Does 59 divide 12626?
True
Is 28 a factor of 69384?
True
Is 637 a multiple of 49?
True
Is 650 a multiple of 12?
False
Is 5 a factor of 10958?
False
Is 418 a multiple of 19?
True
Is 720 a multiple of 4?
True
Is 4669 a multiple of 23?
True
Is 83 a factor of 458?
False
Is 10309 a multiple of 61?
True
Does 13 divide 514?
False
Is 86 a factor of 13158?
True
Does 17 divide 1878?
False
Is 48 a factor of 63888?
True
Is 2 a factor of 397?
False
Is 1371 a multiple of 77?
False
Is 1364 a multiple of 25?
False
Does 29 divide 1066?
False
Is 134 a factor of 1474?
True
Does 128 divide 2190?
False
Is 6 a factor of 12?
True
Is 20028 a multiple of 12?
True
Is 3 a factor of 45?
True
Does 17 divide 30665?
False
Is 41 a factor of 369?
True
Does 40 divide 680?
True
Is 80 a factor of 24720?
True
Is 47520 a multiple of 352?
True
Is 9 a factor of 2567?
False
Does 24 divide 2424?
True
Is 16 a factor of 3397?
False
Does 30 divide 1678?
False
Is 24 a factor of 40968?
True
Does 9 divide 414?
True
Is 9 a factor of 414?
True
Does 23 divide 1472?
True
Is 11 a factor of 11653?
False
Is 32109 a multiple of 139?
True
Is 13 a factor of 260?
True
Does 5 divide 440?
True
Is 122 a factor of 12080?
False
Is 11260 a multiple of 200?
False
Does 36 divide 9396?
True
Does 37 divide 12189?
False
Is 81 a factor of 45721?
False
Does 39 divide 8588?
False
Is 64 a multiple of 4?
True
Is 11312 a multiple of 101?
True
Is 4779 a multiple of 81?
True
Is 215 a multiple of 12?
False
Does 52 divide 671?
False
Is 286 a multiple of 15?
False
Is 116521 a multiple of 13?
False
Is 34 a factor of 20516?
False
Is 40 a factor of 25771?
False
Does 86 divide 1290?
True
Is 3 a factor of 1790?
False
Is 3072 a multiple of 64?
True
Is 16 a factor of 1115?
False
Does 25 divide 70233?
False
Is 13 a factor of 884?
True
Is 50 a multiple of 3?
False
Does 30 divide 460?
False
Does 34 divide 3660?
False
Is 5574 a multiple of 25?
False
Is 74 a multiple of 14?
False
Is 5 a factor of 975?
True
Is 74 a factor of 2738?
True
Does 2 divide 3531?
False
Is 960 a multiple of 5?
True
Does 8 divide 889?
False
Is 34 a factor of 1000?
False
Is 31 a factor of 1673?
False
Does 64 divide 12125?
False
Is 70231 a multiple of 79?
True
Does 85 divide 53125?
True
Is 8 a factor of 165?
False
Does 14 divide 12218?
False
Is 6577 a multiple of 15?
False
Does 22 divide 440?
True
Is 24 a factor of 12159?
False
Does 17 divide 5759?
False
Does 13 divide 3326?
False
Is 7758 a multiple of 9?
True
Is 585 a multiple of 22?
False
Is 1179 a multiple of 13?
False
Is 104468 a multiple of 322?
False
Does 76 divide 15504?
True
Is 1791 even?
False
Is 20 a factor of 134?
False
Is 36 a factor of 1634?
False
Is 204 a factor of 28968?
True
Is 2890 a multiple of 8?
False
Is 4053 a multiple of 7?
True
Is 390 a multiple of 10?
True
Is 20 a factor of 11780?
True
Is 6712 a multiple of 18?
False
Is 24 a factor of 1002?
False
Is 11 a factor of 221?
False
Is 2640 a multiple of 20?
True
Is 89 a factor of 22161?
True
Is 102 a factor of 5247?
False
Is 15008 a multiple of 224?
True
Does 24 divide 1008?
True
Does 66 divide 3432?
True
Is 24 a factor of 4560?
True
Is 148 a multiple of 16?
False
Does 24 divide 259?
False
Is 3 a factor of 558?
True
Does 264 divide 51744?
True
Is 5 a factor of 1930?
True
Is 29386 a multiple of 3?
False
Does 16 divide 938?
False
Is 3380 a multiple of 20?
True
Is 116 a factor of 4687?
False
Does 7 divide 40190?
False
Is 70 a factor of 26600?
True
Does 42 divide 